 divided by 3976.
110
Calculate the remainder when 210402 is divided by 110.
82
What is the remainder when 139749 is divided by 325?
324
What is the remainder when 10547 is divided by 857?
263
Calculate the remainder when 410921 is divided by 754.
745
What is the remainder when 168728 is divided by 709?
695
Calculate the remainder when 12796 is divided by 100.
96
Calculate the remainder when 1828136 is divided by 8.
0
What is the remainder when 5270 is divided by 2543?
184
What is the remainder when 86902 is divided by 3473?
77
Calculate the remainder when 24295 is divided by 4049.
1
Calculate the remainder when 120131 is divided by 7.
4
Calculate the remainder when 978492 is divided by 32.
28
Calculate the remainder when 541125 is divided by 510.
15
What is the remainder when 46299 is divided by 433?
401
Calculate the remainder when 9504 is divided by 2376.
0
Calculate the remainder when 11358 is divided by 2837.
10
What is the remainder when 5017 is divided by 2357?
303
Calculate the remainder when 980 is divided by 208.
148
Calculate the remainder when 18159 is divided by 80.
79
Calculate the remainder when 26762 is divided by 910.
372
Calculate the remainder when 671 is divided by 31.
20
What is the remainder when 1185 is divided by 90?
15
What is the remainder when 3999 is divided by 98?
79
Calculate the remainder when 5710 is divided by 472.
46
Calculate the remainder when 12869 is divided by 241.
96
Calculate the remainder when 30509 is divided by 15253.
3
What is the remainder when 5702 is divided by 562?
82
Calculate the remainder when 1600159 is divided by 40.
39
Calculate the remainder when 19494 is divided by 968.
134
Calculate the remainder when 283400 is divided by 62.
60
What is the remainder when 166125 is divided by 21?
15
What is the remainder when 41902 is divided by 8377?
17
Calculate the remainder when 421437 is divided by 20.
17
What is the remainder when 22424 is divided by 144?
104
What is the remainder when 63522 is divided by 359?
338
What is the remainder when 892 is divided by 294?
10
What is the remainder when 11603 is divided by 888?
59
What is the remainder when 10370 is divided by 5?
0
What is the remainder when 12087 is divided by 1339?
36
Calculate the remainder when 36052 is divided by 4004.
16
What is the remainder when 664534 is divided by 237?
223
Calculate the remainder when 302626 is divided by 102.
94
What is the remainder when 8372 is divided by 121?
23
Calculate the remainder when 6377 is divided by 143.
85
What is the remainder when 3993 is divided by 1330?
3
Calculate the remainder when 734 is divided by 82.
78
Calculate the remainder when 35397 is divided by 355.
252
What is the remainder when 2453 is divided by 278?
229
Calculate the remainder when 138818 is divided by 631.
629
Calculate the remainder when 13805 is divided by 684.
125
Calculate the remainder when 25440 is divided by 659.
398
Calculate the remainder when 16196 is divided by 11.
4
What is the remainder when 594296 is divided by 100?
96
What is the remainder when 200287 is divided by 6906?
13
Calculate the remainder when 555 is divided by 517.
38
Calculate the remainder when 19837 is divided by 18.
1
What is the remainder when 10669 is divided by 268?
217
What is the remainder when 13004 is divided by 8?
4
Calculate the remainder when 6613 is divided by 6582.
31
What is the remainder when 16426 is divided by 119?
4
Calculate the remainder when 185358 is divided by 342.
336
What is the remainder when 368915 is divided by 71?
70
Calculate the remainder when 10168 is divided by 374.
70
Calculate the remainder when 9022795 is divided by 1379.
1377
Calculate the remainder when 9572 is divided by 1567.
170
Calculate the remainder when 255737 is divided by 255724.
13
What is the remainder when 171928 is divided by 85956?
16
Calculate the remainder when 329 is divided by 325.
4
Calculate the remainder when 22271 is divided by 4437.
86
Calculate the remainder when 1459 is divided by 1432.
27
What is the remainder when 102592 is divided by 17094?
28
Calculate the remainder when 8207 is divided by 1172.
3
Calculate the remainder when 8083 is divided by 21.
19
What is the remainder when 3708 is divided by 1234?
6
Calculate the remainder when 3239939 is divided by 330.
329
What is the remainder when 1051451 is divided by 31?
24
What is the remainder when 511258 is divided by 4?
2
Calculate the remainder when 210533 is divided by 395.
393
Calculate the remainder when 2049 is divided by 408.
9
What is the remainder when 29950 is divided by 180?
70
Calculate the remainder when 4284 is divided by 306.
0
Calculate the remainder when 6479 is divided by 2156.
11
What is the remainder when 7567 is divided by 3777?
13
Calculate the remainder when 5079 is divided by 337.
24
Calculate the remainder when 2076 is divided by 52.
48
What is the remainder when 20097 is divided by 20096?
1
Calculate the remainder when 3089 is divided by 158.
87
Calculate the remainder when 56665 is divided by 3144.
73
What is the remainder when 13740 is divided by 40?
20
Calculate the remainder when 87400 is divided by 16.
8
What is the remainder when 31893 is divided by 450?
393
What is the remainder when 283398 is divided by 26?
24
Calculate the remainder when 3573 is divided by 10.
3
What is the remainder when 24491 is divided by 187?
181
Calculate the remainder when 14865 is divided by 3702.
57
Calculate the remainder when 27058 is divided by 746.
202
What is the remainder when 4539 is divided by 497?
66
Calculate the remainder when 68340 is divided by 33.
30
What is the remainder when 24539 is divided by 278?
75
Calculate the remainder when 94849 is divided by 47423.
3
What is the remainder when 28831 is divided by 826?
747
What is the remainder when 4880 is divided by 88?
40
What is the remainder when 50908 is divided by 2110?
268
What is the remainder when 271869 is divided by 15103?
15
What is the remainder when 4386 is divided by 685?
276
Calculate the remainder when 6330 is divided by 442.
142
Calculate the remainder when 3702 is divided by 612.
30
What is the remainder when 518284 is divided by 11?
8
Calculate the remainder when 577756 is divided by 25.
6
What is the remainder when 257912 is divided by 155?
147
Calculate the remainder when 131646 is divided by 32911.
2
Calculate the remainder when 9368 is divided by 132.
128
Calculate the remainder when 17824 is divided by 8910.
4
What is the remainder when 138176 is divided by 55?
16
Calculate the remainder when 266811 is divided by 11.
6
What is the remainder when 2896 is divided by 116?
112
What is the remainder when 37821 is divided by 510?
81
What is the remainder when 394612 is divided by 131531?
19
Calculate the remainder when 1431 is divided by 566.
299
Calculate the remainder when 2781234 is divided by 303.
300
Calculate the remainder when 613 is divided by 146.
29
Calculate the remainder when 15556 is divided by 5180.
16
What is the remainder when 19557 is divided by 5817?
2106
What is the remainder when 230474 is divided by 25?
24
What is the remainder when 2458 is divided by 267?
55
Calculate the remainder when 1147901 is divided by 27.
23
What is the remainder when 2424382 is divided by 18?
16
Calculate the remainder when 4313 is divided by 433.
416
What is the remainder when 7476 is divided by 941?
889
What is the remainder when 4626 is divided by 117?
63
Calculate the remainder when 4641 is divided by 387.
384
What is the remainder when 55013 is divided by 1717?
69
Calculate the remainder when 287171 is divided by 54.
53
What is the remainder when 36462 is divided by 171?
39
Calculate the remainder when 110015 is divided by 46.
29
What is the remainder when 10760 is divided by 76?
44
Calculate the remainder when 7188 is divided by 1037.
966
What is the remainder when 395 is divided by 336?
59
What is the remainder when 203 is divided by 45?
23
What is the remainder when 177372 is divided by 282?
276
What is the remainder when 60710 is divided by 28?
6
Calculate the remainder when 543501 is divided by 59.
52
What is the remainder when 231162 is divided by 672?
666
Calculate the remainder when 163974 is divided by 20496.
6
Calculate the remainder when 60961 is divided by 21.
19
Calculate the remainder